{"id":4060,"date":"2022-11-04T18:40:57","date_gmt":"2022-11-04T21:40:57","guid":{"rendered":"https:\/\/mhautomotores.com.ar\/?page_id=4060"},"modified":"2022-11-18T18:34:54","modified_gmt":"2022-11-18T21:34:54","slug":"nosotros","status":"publish","type":"page","link":"https:\/\/mhautomotores.com.ar\/?page_id=4060","title":{"rendered":"Nosotros"},"content":{"rendered":"<div class=\"wpb-content-wrapper\"><p>[vc_row full_width=&#8221;stretch_row&#8221; parallax=&#8221;content-moving&#8221; parallax_image=&#8221;4168&#8243; css=&#8221;.vc_custom_1668713461911{margin-bottom: 0px !important;padding-top: 350px !important;}&#8221;][vc_column][\/vc_column][\/vc_row][vc_row css=&#8221;.vc_custom_1668720808576{margin-top: -177px !important;margin-bottom: 64px !important;}&#8221;][vc_column width=&#8221;1\/2&#8243;][vc_single_image image=&#8221;3911&#8243; img_size=&#8221;full&#8221;][\/vc_column][vc_column width=&#8221;1\/2&#8243; css=&#8221;.vc_custom_1668721235334{background-color: #ffffff !important;}&#8221;][vc_column_text css=&#8221;.vc_custom_1668722766921{padding-top: 20px !important;padding-right: 20px !important;padding-bottom: 20px !important;padding-left: 20px !important;}&#8221;]<\/p>\n<h2><strong>NOSOTROS<\/strong><\/h2>\n<p>Somos Luciano y Esteban Mart\u00ednez. Tenemos la alegr\u00eda de presentarles<strong> MH AUTOMOTORES<\/strong><\/p>\n<p>Para nosotros hoy es un gran d\u00eda. So\u00f1amos poder hacer de nuestra pasi\u00f3n un proyecto de venta de autos de primera calidad, con asesoramiento personalizado y con la seriedad que venimos encarando a cada paso.<\/p>\n<p>Desde chicos estuvimos ligados al mundo del automovilismo, donde con verdadero sacrificio hemos logrado poder participar y estar en lugares destacados en el \u00e1mbito nacional. Siempre trabajando en equipo.<\/p>\n<p>En 2019 Luciano logr\u00f3 un campeonato Nacional en el Turismo Pista; lo que para nosotros fue un antes y un despu\u00e9s! Nos dio esas ganas de ir por m\u00e1s.<\/p>\n<p>Con la misma adrenalina que nos despiertan tanto la pista, como los boxes; es que hoy nos proponemos presentarles este proyecto.<\/p>\n<p>\u00bfC\u00f3mo lo haremos?<\/p>\n<p>Mirando cada detalle para ofrecer la m\u00e1xima garant\u00eda a nuestros clientes de llegar a destino.<\/p>\n<p>Cada unidad que pondremos a la venta estar\u00e1 chequeada y verificada para lograr el mejor rendimiento.<\/p>\n<p>Hasta la bandera a cuadros no paramos.[\/vc_column_text][stm_social_buttons button_default_width=&#8221;full-width&#8221; css=&#8221;.vc_custom_1668723350715{margin-right: 20px !important;margin-bottom: 20px !important;margin-left: 20px !important;}&#8221;][\/vc_column][\/vc_row][vc_row][vc_column][vc_column_text]<\/p>\n<h2 style=\"text-align: center;\"><strong>\u00a1VISITANOS!<\/strong><\/h2>\n<p>[\/vc_column_text][vc_gmaps link=&#8221;#E-8_JTNDaWZyYW1lJTIwc3JjJTNEJTIyaHR0cHMlM0ElMkYlMkZ3d3cuZ29vZ2xlLmNvbSUyRm1hcHMlMkZlbWJlZCUzRnBiJTNEJTIxMW0xOCUyMTFtMTIlMjExbTMlMjExZDM0MDYuMjY3ODcxOTI2MTMyNiUyMTJkLTU4LjAyMjI1OTk5OTk5OTk5NiUyMTNkLTMxLjM3OTE3NjYlMjEybTMlMjExZjAlMjEyZjAlMjEzZjAlMjEzbTIlMjExaTEwMjQlMjEyaTc2OCUyMTRmMTMuMSUyMTNtMyUyMTFtMiUyMTFzMHg5NWFkZTgzZGE1NjlhMWYzJTI1M0EweGQwN2ZkYzkzYTdmMzYxNTglMjEyc01vbnNlJTI1QzMlMjVCMW9yJTI1MjBUYXZlbGxhJTI1MjAxNTg0JTI1MkMlMjUyMEUzMjAyJTI1MjBDb25jb3JkaWElMjUyQyUyNTIwRW50cmUlMjUyMFIlMjVDMyUyNUFEb3MlMjE1ZTAlMjEzbTIlMjExc2VzJTIxMnNhciUyMTR2MTY2NzU5OTUwNzA4OCUyMTVtMiUyMTFzZXMlMjEyc2FyJTIyJTIwd2lkdGglM0QlMjI2MDAlMjIlMjBoZWlnaHQlM0QlMjI0NTAlMjIlMjBzdHlsZSUzRCUyMmJvcmRlciUzQTAlM0IlMjIlMjBhbGxvd2Z1bGxzY3JlZW4lM0QlMjIlMjIlMjBsb2FkaW5nJTNEJTIybGF6eSUyMiUyMHJlZmVycmVycG9saWN5JTNEJTIybm8tcmVmZXJyZXItd2hlbi1kb3duZ3JhZGUlMjIlM0UlM0MlMkZpZnJhbWUlM0U=&#8221;][\/vc_column][\/vc_row][vc_row full_width=&#8221;stretch_row&#8221; css=&#8221;.vc_custom_1668780994255{margin-top: 20px !important;margin-bottom: 20px !important;padding-top: 20px !important;padding-bottom: 20px !important;background-image: url(https:\/\/mhautomotores.com.ar\/wp-content\/uploads\/2022\/11\/Feed-2.png?id=4168) !important;background-position: center !important;background-repeat: no-repeat !important;background-size: cover !important;}&#8221;][vc_column][vc_column_text]<\/p>\n<h2 style=\"text-align: center;\"><strong>\u00a1SEGUINOS EN LAS REDES!<\/strong><\/h2>\n<p>[\/vc_column_text][vc_row_inner][vc_column_inner width=&#8221;1\/4&#8243;][\/vc_column_inner][vc_column_inner width=&#8221;1\/4&#8243;][vc_icon icon_fontawesome=&#8221;fab fa-facebook&#8221; color=&#8221;custom&#8221; size=&#8221;xl&#8221; align=&#8221;center&#8221; custom_color=&#8221;#ec691d&#8221; link=&#8221;url:https%3A%2F%2Ffb.com%2Fchanomartinezoficial|target:_blank&#8221;][vc_column_text]<\/p>\n<h2 style=\"text-align: center;\">Facebook<\/h2>\n<p>[\/vc_column_text][\/vc_column_inner][vc_column_inner width=&#8221;1\/4&#8243;][vc_icon icon_fontawesome=&#8221;fab fa-instagram&#8221; color=&#8221;custom&#8221; size=&#8221;xl&#8221; align=&#8221;center&#8221; custom_color=&#8221;#ec691d&#8221; link=&#8221;url:https%3A%2F%2Finstagram.com%2Fmh_automotores|target:_blank&#8221;][vc_column_text]<\/p>\n<h2 style=\"text-align: center;\">Instagram<\/h2>\n<p>[\/vc_column_text][\/vc_column_inner][vc_column_inner width=&#8221;1\/4&#8243;][\/vc_column_inner][\/vc_row_inner][\/vc_column][\/vc_row][vc_row full_width=&#8221;stretch_row_content_no_spaces&#8221;][vc_column][vc_column_text]<\/p>\n<p style=\"text-align: center;\">[instagram feed=&#8221;4240&#8243;]<\/p>\n<p>[\/vc_column_text][\/vc_column][\/vc_row]<\/p>\n<\/div>","protected":false},"excerpt":{"rendered":"<p>[vc_row full_width=&#8221;stretch_row&#8221; parallax=&#8221;content-moving&#8221; parallax_image=&#8221;4168&#8243; css=&#8221;.vc_custom_1668713461911{margin-bottom: 0px !important;padding-top: 350px !important;}&#8221;][vc_column][\/vc_column][\/vc_row][vc_row css=&#8221;.vc_custom_1668720808576{margin-top: -177px !important;margin-bottom: 64px !important;}&#8221;][vc_column width=&#8221;1\/2&#8243;][vc_single_image image=&#8221;3911&#8243; img_size=&#8221;full&#8221;][\/vc_column][vc_column width=&#8221;1\/2&#8243; css=&#8221;.vc_custom_1668721235334{background-color: #ffffff !important;}&#8221;][vc_column_text css=&#8221;.vc_custom_1668722766921{padding-top: 20px !important;padding-right: 20px !important;padding-bottom: 20px !important;padding-left: 20px !important;}&#8221;] NOSOTROS Somos Luciano y Esteban Mart\u00ednez. Tenemos la alegr\u00eda de presentarles MH AUTOMOTORES Para nosotros hoy es un gran d\u00eda. So\u00f1amos poder hacer de nuestra&#8230;<\/p>\n","protected":false},"author":2,"featured_media":0,"parent":0,"menu_order":0,"comment_status":"closed","ping_status":"closed","template":"","meta":{"inline_featured_image":false,"footnotes":""},"class_list":["post-4060","page","type-page","status-publish","hentry"],"_links":{"self":[{"href":"https:\/\/mhautomotores.com.ar\/index.php?rest_route=\/wp\/v2\/pages\/4060","targetHints":{"allow":["GET"]}}],"collection":[{"href":"https:\/\/mhautomotores.com.ar\/index.php?rest_route=\/wp\/v2\/pages"}],"about":[{"href":"https:\/\/mhautomotores.com.ar\/index.php?rest_route=\/wp\/v2\/types\/page"}],"author":[{"embeddable":true,"href":"https:\/\/mhautomotores.com.ar\/index.php?rest_route=\/wp\/v2\/users\/2"}],"replies":[{"embeddable":true,"href":"https:\/\/mhautomotores.com.ar\/index.php?rest_route=%2Fwp%2Fv2%2Fcomments&post=4060"}],"version-history":[{"count":30,"href":"https:\/\/mhautomotores.com.ar\/index.php?rest_route=\/wp\/v2\/pages\/4060\/revisions"}],"predecessor-version":[{"id":4243,"href":"https:\/\/mhautomotores.com.ar\/index.php?rest_route=\/wp\/v2\/pages\/4060\/revisions\/4243"}],"wp:attachment":[{"href":"https:\/\/mhautomotores.com.ar\/index.php?rest_route=%2Fwp%2Fv2%2Fmedia&parent=4060"}],"curies":[{"name":"wp","href":"https:\/\/api.w.org\/{rel}","templated":true}]}}